mmon divisor of k and t.
11
Let y = 0 + 3. Suppose 12 = v + 2*g, y*g + 0*g = -4*v + 28. Suppose -x + i = -5*x + 53, 0 = -5*i + 25. What is the highest common divisor of x and v?
4
Let v = 557 - 539. Let n = 478 - 316. What is the highest common divisor of v and n?
18
Let k be 23 - (34/(-12) - 2/12). Let i = 79 + k. Suppose z = -3*z + 60. What is the greatest common divisor of z and i?
15
Let d(l) = 7*l**2 + 43*l. Let o be d(-8). Calculate the greatest common factor of 8 and o.
8
Let f(i) = i**3 - 12*i**2 - i + 18. Let g(o) = o + 17. Let q be g(-5). Let r be f(q). What is the greatest common factor of r and 15?
3
Let c be ((-2)/(-8))/(5/20). Let h(g) = 551*g**3 - g**2 - g + 1. Let l be h(c). Calculate the highest common factor of l and 50.
50
Suppose 4*o = w + 9, -2*o - 5*w + 0*w = -21. Suppose 3*d - o = -0*d. What is the highest common divisor of 7 and d?
1
Suppose 37 = 5*s + 3*t, -5*s - 3*t = -5*t - 42. What is the greatest common divisor of 76 and s?
4
Suppose 5 = 2*a + t, 4*a + t - 5 = 4*t. What is the highest common factor of a and 31?
1
Let k = -88 + 280. What is the highest common factor of 432 and k?
48
Suppose 6 = 3*f + 2*m, 4*f = 5*f - m - 2. Let o(k) = k**2 - k + 5. Let z be o(0). Suppose -z*u - 9 + 89 = 0. Calculate the greatest common factor of f and u.
2
Let k(d) = d + 2. Let o(v) = 1. Let s be ((-10)/5)/(2/4). Let h(f) = s*o(f) + 3*k(f). Let r be h(2). Calculate the greatest common divisor of 4 and r.
4
Suppose -6*p = -2*p - 4. Let o(j) = 2*j. Let m be o(p). Suppose m*d + d = 162. What is the greatest common divisor of d and 6?
6
Let g be 3/((-4)/8 - -2). Let v be g/(((-20)/32)/(-5)). Calculate the highest common divisor of 144 and v.
16
Suppose 2*a - 16 = 3*b, -2*b + b = 4*a - 4. Suppose -3*v + 3*j + 0 = -18, -5*j - 9 = -a*v. What is the greatest common factor of 14 and v?
7
Let n(q) = q + 3. Let x be n(0). Suppose -2*v + 7*v - 2*h = 166, -h - x = 0. Calculate the highest common divisor of v and 8.
8
Suppose -201 = -3*m - 3*f, 3*m = -m + 4*f + 228. Calculate the greatest common factor of m and 217.
31
Suppose 5*p - 4*x - 2424 + 594 = 0, 5*p - 2*x = 1830. Calculate the greatest common divisor of 6 and p.
6
Let s(i) = 3*i**3 - 6*i**2 + 4*i - 11. Let c be s(5). What is the greatest common divisor of 52 and c?
26
Let f(g) be the second derivative of -g**5/20 + 7*g**4/6 + 8*g**3/3 - 11*g**2/2 - 7*g. Let k be f(15). What is the greatest common factor of 4 and k?
4
Let l be 2/(-5) - 632/20. Let k = 38 + l. Let u(y) = -12*y - 6. Let z be u(-6). What is the greatest common divisor of z and k?
6
Suppose 0 = -40*q + 427 + 853. Calculate the highest common divisor of q and 4.
4
Suppose 0 = 3*f + 242 - 68. Let v be 220 - 6/18*3. Let r = f + v. Calculate the highest common divisor of 23 and r.
23
Let c(d) = -d**3 - 5*d**2 - 3*d + 3. Let a be c(-5). Let t = 1689 - 1545. What is the highest common divisor of t and a?
18
Let w = -99 + 114. Calculate the greatest common factor of w and 21.
3
Suppose -a + 4637 = 2*b, -4*a + 1021 = -3*b + 7949. What is the highest common divisor of 36 and b?
12
Let k = 540 - 254. What is the greatest common divisor of 66 and k?
22
Suppose -4*f - 80 = -5*j - f, 0 = 3*f + 15. Let t = -4814 - -4827. What is the highest common divisor of t and j?
13
Let k = -1258 - -1266. Calculate the greatest common divisor of 424 and k.
8
Let l be 36/30*15/6. Let o be 3 + (6 - 4 - l). What is the highest common divisor of o and 10?
2
Suppose -20 = -4*b + 60. Let h(y) = 2*y + 14. Suppose -f - 12 = -5*j, f + 0*f + 4*j = 15. Let i be h(f). What is the greatest common divisor of b and i?
20
Let s be (-20)/6*23/((-1150)/2880). Calculate the greatest common divisor of s and 6.
6
Let x be 3/(-6)*(1 + -17). Let k be 8 + 4 + (-4 - -3 - 3). What is the highest common factor of k and x?
8
Let w(a) = -53*a + 4. Let b be w(-6). Let l be ((-16)/((-512)/(-24)))/(3/(-184)). Calculate the greatest common divisor of b and l.
46
Suppose 0 = -4*z + 2 + 22. Let j(x) = 15*x - 36. Let v be j(z). Calculate the greatest common factor of v and 9.
9
Suppose u - 31*t = -33*t + 1873, -3*u = -5*t - 5630. What is the highest common divisor of u and 15?
15
Suppose 0 = m + 2*a - 6, 0*a = 3*m + 5*a - 17. Let g = 35 - 19. Let b be (4 - (0 - g))/2. Calculate the highest common divisor of b and m.
2
Let h(t) = t**3 + 5*t**2 - 2*t. Let z be h(-5). Let i = -37 - -39. Suppose -3*f - 5*u + 41 - 9 = 0, z = -i*u. Calculate the highest common divisor of f and 76.
19
Let i(z) = -z**3 - 5*z**2 + 25*z + 13. Let a be i(-8). Suppose 3*w = 2*u - 83 - 294, -a*u = -3*w - 947. What is the greatest common factor of u and 10?
10
Let o(p) = p**3 + 4*p**2 - p + 1. Let q be o(1). Suppose u + 2 = t, -q*t + 6*u + 16 = 3*u. What is the highest common divisor of t and 45?
5
Suppose 48 = 5*t + 28. Suppose t*j - w = 15, -4*j - 3*w + 9 = -26. Calculate the highest common divisor of j and 65.
5
Let v = 180 - -117. Let b = -76 + 109. What is the highest common divisor of b and v?
33
Let j be 1 - (-7)/((-7)/(-120)). Let k(y) = 2*y + 4 - y + 3*y**2 - 2 - 1. Let d be k(-2). What is the greatest common factor of j and d?
11
Suppose -5*q + 128 = -4*w, 0 = -0*q + 5*q + w - 143. Let y be (3/6)/(5/(-30)). Let z be (-3015)/(-12) - y/4. Calculate the highest common divisor of z and q.
28
Let x = -42 - -114. Calculate the highest common divisor of 24 and x.
24
Let p(a) = 21*a - 15. Let q = 18 - 15. Let w be p(q). Calculate the highest common divisor of 16 and w.
16
Let v(x) = x**2 + x - 4. Let u be v(-7). Suppose 3*d = u + 178. Let m = 6 - -3. What is the highest common divisor of m and d?
9
Suppose 5*q + 8 = 7*q. Let j be -9*(q/(-3))/(-4). Let f(y) = -55*y + 6. Let w be f(j). What is the highest common factor of w and 19?
19
Let l be 44 - 3/((-3)/(-1)). Let t = -31 + l. What is the greatest common factor of t and 108?
12
Let u = 32 + -34. Let n be 18/8*(38 + u). Let g = -15 - -24. Calculate the highest common factor of g and n.
9
Suppose 157 = 5*m - 83. Let r(d) = d**3 - 14*d**2 + 74*d - 67. Let f be r(11). What is the highest common divisor of f and m?
48
Suppose 0 = c - 2*v - 170, 2*c - 451 = 5*v - 114. What is the greatest common factor of c and 33?
11
Let i = 344 - 279. What is the greatest common factor of i and 5?
5
Let l be 210/84*(-112)/(-10). Calculate the greatest common divisor of l and 32.
4
Let d(z) = z**2 - 3*z + 26. Let x be d(-6). Suppose -x = 95*f - 99*f. What is the greatest common factor of f and 5?
5
Suppose 3*y = 13 + 23. Let l be -3*(-8)/6 + -1. Let a(z) = 2*z**2 + 4*z - 6. Let k be a(l). What is the greatest common factor of k and y?
12
Let a(u) = 41*u - 386. Let d be a(10). What is the greatest common divisor of d and 2088?
24
Let f = 0 + 2. Let m be (51/f)/3*2. Calculate the highest common divisor of 136 and m.
17
Let t be 16/24*111/(-2). Let a = 67 + t. Calculate the greatest common factor of 12 and a.
6
Let b be (-130)/30*3*-1. Suppose 4*y = -5*a - 5 + b, -22 = -4*a + 2*y. What is the greatest common factor of 4 and a?
4
Let n = -19 + 34. Suppose 42 = 4*s + 3*g, -3*s = 4*g - 26 + 5. Calculate the greatest common factor of s and n.
15
Let f be -6*22/(-33)*69. Calculate the greatest common factor of f and 897.
69
Suppose 2*d + 22 = -2*q, -4*d - 46 = -6*q + 11*q. Let l = d - -23. What is the highest common factor of l and 126?
14
Suppose -6*f + 16 = -4*f. Suppose 5*j = f*j - 192. Calculate the highest common factor of j and 32.
32
Suppose 117*g - 10964 = 3193. Calculate the highest common factor of 143 and g.
11
Let h = -631 + 670. Calculate the greatest common factor of 169 and h.
13
Suppose 265 = 4*x + x. Let m(p) = -p**2 - 52*p - 103. Let i be m(-45). What is the greatest common factor of x and i?
53
Suppose 3*s - 2*y = 75, -4*y - 125 = -0*s - 5*s. Calculate the greatest common factor of 120 and s.
5
Let m be (-6*3/12)/((-1)/10). Calculate the greatest common factor of 255 and m.
15
Let c be (-980)/21*(2 + -5). Suppose -n + c = 4*n. Calculate the highest common factor of n and 7.
7
Let m(t) = -t. Let w(b) = -2*b**2 + 4*b - 6. Let z(h) = 2*m(h) - w(h). Let v be z(6). Let g = -14 + v. What is the greatest common factor of g and 4?
4
Let f(r) = 7*r - 4*r**2 + 8 - r**3 + r**2 - r**2 + r**2. Let u be f(-5). What is the highest common factor of 92 and u?
23
Suppose -k - 29 = -3*n, -